{"id":25462,"date":"2021-08-31T08:24:03","date_gmt":"2021-08-31T08:24:03","guid":{"rendered":"https:\/\/medcity.hu\/webshop\/?post_type=product&#038;p=25462"},"modified":"2025-12-29T12:14:31","modified_gmt":"2025-12-29T12:14:31","slug":"telefonos-endokrinologiai-konzultacio","status":"publish","type":"product","link":"https:\/\/medcity.hu\/webshop\/product\/telefonos-endokrinologiai-konzultacio\/","title":{"rendered":"Telefonos endokrinol\u00f3giai konzult\u00e1ci\u00f3"},"content":{"rendered":"","protected":false},"excerpt":{"rendered":"<p>A telefonos orvosi konzult\u00e1ci\u00f3 lehet\u0151s\u00e9get ad arra, hogy P\u00e1cienseinknek t\u00e1volr\u00f3l is seg\u00edts\u00e9get tudjunk ny\u00fajtani. Szakorvosunkhoz fordulhat laboreredm\u00e9nyeinek konzult\u00e1ci\u00f3ja, gy\u00f3gyszer elrendel\u00e9s\u00e9re, m\u00e1r szedett gy\u00f3gyszer d\u00f3zis\u00e1nak egyeztet\u00e9se kapcs\u00e1n.<\/p>\n<p><strong>A konzult\u00e1ci\u00f3 id\u0151tartama k\u00f6r\u00fclbel\u00fcl 15 perc.<\/strong><\/p>\n<p>V\u00e1s\u00e1rl\u00e1s el\u0151tt k\u00e9rj\u00fck, hogy l\u00e9pjen kapcsolatba vel\u00fcnk \u00e9s engedje meg, hogy tan\u00e1csokkal l\u00e1ssuk el azzal kapcsolatban, hogy val\u00f3ban elegend\u0151-e az \u00d6n sz\u00e1m\u00e1ra a telefonos konzult\u00e1ci\u00f3 vagy sz\u00fcks\u00e9g lenne fizik\u00e1lis vizsg\u00e1latra. \u00cdgy tudjuk a legink\u00e1bb id\u0151- \u00e9s k\u00f6lts\u00e9ghat\u00e9kony szolg\u00e1ltat\u00e1st ny\u00fajtani az \u00d6n sz\u00e1m\u00e1ra. Amennyiben val\u00f3ban megfelel\u0151 az \u00d6n sz\u00e1m\u00e1ra a telefonos konzult\u00e1ci\u00f3 szolg\u00e1ltat\u00e1sunk, id\u0151pontot kap koll\u00e9g\u00e1inkt\u00f3l.<\/p>\n<p>\u00dcgyf\u00e9lszolg\u00e1latunk el\u00e9rhet\u0151s\u00e9gei a k\u00f6vetkez\u0151k:<\/p>\n<p><strong><em>Tel:\u00a0\u00a0\u00a0\u00a0\u00a0 <\/em><\/strong><em>+36 1 858-7021<br \/>\n<\/em><strong><em>Mobil:\u00a0 <\/em><\/strong><em>+36 30 635-3550<br \/>\n<\/em><em>+36 30 477 8780<br \/>\n<\/em><strong><em>E-mail\u00a0 \u00a0<\/em><\/strong><em>info@medcity.hu<\/em><\/p>\n<p>A konzult\u00e1ci\u00f3 napj\u00e1n az \u00d6n \u00e1ltal megadott telefonsz\u00e1mon felkeress\u00fck \u00d6nt.<\/p>\n<p>A lefoglalt id\u0151pont sz\u00fcks\u00e9g eset\u00e9n m\u00f3dos\u00edthat\u00f3, valamint t\u00f6r\u00f6lhet\u0151. Erre ir\u00e1nyul\u00f3 sz\u00e1nd\u00e9k\u00e1t \u00fcgyf\u00e9lszolg\u00e1lati el\u00e9rhet\u0151s\u00e9geinken kereszt\u00fcl jelezheti a vizsg\u00e1lat id\u0151pontja el\u0151tt legk\u00e9s\u0151bb 24 \u00f3r\u00e1val. Az id\u0151ben lemondott telefonos konzult\u00e1ci\u00f3 d\u00edj\u00e1t visszat\u00e9r\u00edtj\u00fck. Ezir\u00e1ny\u00fa sz\u00e1nd\u00e9k\u00e1t, k\u00e9rj\u00fck \u00edr\u00e1sban jelezze fel\u00e9nk.<\/p>\n<p>Felh\u00edvjuk kedves P\u00e1ciens\u00fcnk figyelm\u00e9t, hogy amennyiben lemond\u00e1si sz\u00e1nd\u00e9k\u00e1t nem jelzi fel\u00e9nk \u00e9s nem siker\u00fcl a kiv\u00e1lasztott id\u0151pontban el\u00e9rn\u00fcnk \u00d6nt, a konzult\u00e1ci\u00f3 k\u00f6lts\u00e9g\u00e9t nem \u00e1ll m\u00f3dunkban visszat\u00e9r\u00edteni, hiszen minden koll\u00e9g\u00e1nk az \u00d6n rendelkez\u00e9s\u00e9re \u00e1llt a kijel\u00f6lt id\u0151ben.<\/p>\n","protected":false},"featured_media":25559,"comment_status":"closed","ping_status":"closed","template":"","meta":{"cybocfi_hide_featured_image":""},"product_cat":[89],"product_tag":[],"_links":{"self":[{"href":"https:\/\/medcity.hu\/webshop\/wp-json\/wp\/v2\/product\/25462"}],"collection":[{"href":"https:\/\/medcity.hu\/webshop\/wp-json\/wp\/v2\/product"}],"about":[{"href":"https:\/\/medcity.hu\/webshop\/wp-json\/wp\/v2\/types\/product"}],"replies":[{"embeddable":true,"href":"https:\/\/medcity.hu\/webshop\/wp-json\/wp\/v2\/comments?post=25462"}],"wp:featuredmedia":[{"embeddable":true,"href":"https:\/\/medcity.hu\/webshop\/wp-json\/wp\/v2\/media\/25559"}],"wp:attachment":[{"href":"https:\/\/medcity.hu\/webshop\/wp-json\/wp\/v2\/media?parent=25462"}],"wp:term":[{"taxonomy":"product_cat","embeddable":true,"href":"https:\/\/medcity.hu\/webshop\/wp-json\/wp\/v2\/product_cat?post=25462"},{"taxonomy":"product_tag","embeddable":true,"href":"https:\/\/medcity.hu\/webshop\/wp-json\/wp\/v2\/product_tag?post=25462"}],"curies":[{"name":"wp","href":"https:\/\/api.w.org\/{rel}","templated":true}]}}