{"id":25438,"date":"2021-08-31T07:41:09","date_gmt":"2021-08-31T07:41:09","guid":{"rendered":"https:\/\/medcity.hu\/webshop\/?post_type=product&#038;p=25438"},"modified":"2024-12-30T13:13:58","modified_gmt":"2024-12-30T13:13:58","slug":"gasztroenterologiai-szurocsomag","status":"publish","type":"product","link":"https:\/\/medcity.hu\/webshop\/product\/gasztroenterologiai-szurocsomag\/","title":{"rendered":"Gasztroenterol\u00f3giai sz\u0171r\u0151csomag"},"content":{"rendered":"","protected":false},"excerpt":{"rendered":"<h2>Kinek aj\u00e1nljuk?<\/h2>\n<p>B\u00e1rmilyen nyel\u00e9st, gyomrot, b\u00e9lrendszert \u00e9rint\u0151 t\u00fcnet eset\u00e9n \u00e9rdemes szakemberhez fordulni. S\u00falyosabb t\u00fcnetek fenn\u00e1ll\u00e1s\u00e1n\u00e1l, mint a h\u00e1ny\u00e1s, a hasi f\u00e1jdalom, a v\u00e9res sz\u00e9klet, a tart\u00f3s hasmen\u00e9s, a jelent\u0151s fogy\u00e1s, a s\u00e1rgas\u00e1g, pedig s\u00fcrg\u0151s kivizsg\u00e1l\u00e1s javasolt.<\/p>\n<p><strong>Milyen \u00e9letkorban mi\u00e9rt javasolt a sz\u0171r\u0151csomag ig\u00e9nybev\u00e9tele?<\/strong><\/p>\n<ul>\n<li>A h\u00faszas \u00e9let\u00e9vekben gyakoriak a gyullad\u00e1sos b\u00e9lbetegs\u00e9g k\u00fcl\u00f6nb\u00f6z\u0151 form\u00e1i, amelyek hasmen\u00e9ssel \u00e9s hasi f\u00e1jdalommal j\u00e1rnak. Fiatal feln\u0151ttkorban jelentkeznek az anyagcsere betegs\u00e9gek, ak\u00e1r t\u00fcnettel, ak\u00e1r szubjekt\u00edv panasszal.<\/li>\n<li>Jellemz\u0151en a k\u00f6z\u00e9pkor\u00fa emberekn\u00e9l ker\u00fclnek el\u0151t\u00e9rbe a sz\u0171r\u0151vizsg\u00e1latok a csal\u00e1di hajlamoss\u00e1g, vagy egyszer\u0171en csak a n\u00e9pess\u00e9gben gyakori k\u00f3rk\u00e9pek miatt. Akinek a csal\u00e1dj\u00e1ban halmoz\u00f3d\u00f3 gyomor \u00e9s b\u00e9lrendszeri daganat vagy anyagcsere betegs\u00e9g, ak\u00e1r liszt\u00e9rz\u00e9kenys\u00e9g volt vagy van, annak szinte k\u00f6telez\u0151 a rendszeres sz\u0171r\u00e9s.<\/li>\n<li>Sajnos Magyarorsz\u00e1gon 50 \u00e9ves kor felett nagyon gyakori a vastagb\u00e9l rosszindulat\u00fa daganata. Ez k\u00fcl\u00f6n figyelmet \u00e9s gondos sz\u0171r\u00e9st ig\u00e9nyel ak\u00e1r a vastagb\u00e9l endoszk\u00f3pos vizsg\u00e1lat\u00e1val, ak\u00e1r polip elt\u00e1vol\u00edt\u00e1ssal.<\/li>\n<li>Id\u0151s korban a teljes gyomrot \u00e9s b\u00e9lrendszert \u00e9rint\u0151 daganatos betegs\u00e9gekkel tal\u00e1lkozunk. Szint\u00e9n ebben a korban gyakori az epebetegs\u00e9g k\u00fcl\u00f6nb\u00f6z\u0151 form\u00e1ja, mint az epeh\u00f3lyagk\u0151 vagy az epe\u00fatk\u0151. A gyullad\u00e1sos b\u00e9lbetegs\u00e9gek sz\u00e1ma 70 \u00e9ves kor felett sajnos ism\u00e9t n\u00f6veked\u00e9st mutat.<\/li>\n<\/ul>\n<h2>Vizsg\u00e1latok:<\/h2>\n<ul>\n<li>Laborat\u00f3riumi vizsg\u00e1lat (v\u00e9rk\u00e9p, s\u00fcllyed\u00e9s, v\u00e9rcukor, teljes bilirubin, GPT\/GGT\/GOT, alk. foszfat\u00e1z, kreatinin, KN (Urea), koleszterin, HDL-koleszterin, triglicerid, h\u00fagysav, THS, Na, K, Ca, P, D-vitamin szint, INR, lakt\u00f3zintolerancia, c\u00f6lik\u00e1lia, teljes vizeletvizsg\u00e1lat)<\/li>\n<li>Hasi \u00e9s kismedencei ultrahang vizsg\u00e1lat<\/li>\n<li>Gasztroenterol\u00f3giai konzult\u00e1ci\u00f3<\/li>\n<\/ul>\n<p>Amennyiben tov\u00e1bbi inform\u00e1ci\u00f3ra lenne sz\u00fcks\u00e9ge sz\u0171r\u0151csomagunkr\u00f3l, k\u00e9rj\u00fck, keressen minket bizalommal.<\/p>\n","protected":false},"featured_media":25439,"comment_status":"closed","ping_status":"closed","template":"","meta":{"cybocfi_hide_featured_image":""},"product_cat":[90],"product_tag":[],"_links":{"self":[{"href":"https:\/\/medcity.hu\/webshop\/wp-json\/wp\/v2\/product\/25438"}],"collection":[{"href":"https:\/\/medcity.hu\/webshop\/wp-json\/wp\/v2\/product"}],"about":[{"href":"https:\/\/medcity.hu\/webshop\/wp-json\/wp\/v2\/types\/product"}],"replies":[{"embeddable":true,"href":"https:\/\/medcity.hu\/webshop\/wp-json\/wp\/v2\/comments?post=25438"}],"wp:featuredmedia":[{"embeddable":true,"href":"https:\/\/medcity.hu\/webshop\/wp-json\/wp\/v2\/media\/25439"}],"wp:attachment":[{"href":"https:\/\/medcity.hu\/webshop\/wp-json\/wp\/v2\/media?parent=25438"}],"wp:term":[{"taxonomy":"product_cat","embeddable":true,"href":"https:\/\/medcity.hu\/webshop\/wp-json\/wp\/v2\/product_cat?post=25438"},{"taxonomy":"product_tag","embeddable":true,"href":"https:\/\/medcity.hu\/webshop\/wp-json\/wp\/v2\/product_tag?post=25438"}],"curies":[{"name":"wp","href":"https:\/\/api.w.org\/{rel}","templated":true}]}}