{"id":25436,"date":"2021-08-31T07:39:25","date_gmt":"2021-08-31T07:39:25","guid":{"rendered":"https:\/\/medcity.hu\/webshop\/?post_type=product&#038;p=25436"},"modified":"2025-12-29T12:17:31","modified_gmt":"2025-12-29T12:17:31","slug":"kardiologiai-szurocsomag","status":"publish","type":"product","link":"https:\/\/medcity.hu\/webshop\/product\/kardiologiai-szurocsomag\/","title":{"rendered":"Kardiol\u00f3giai sz\u0171r\u0151csomag"},"content":{"rendered":"","protected":false},"excerpt":{"rendered":"<h2>Kinek aj\u00e1nljuk?<\/h2>\n<p>Azon p\u00e1cienseknek, akiknek ak\u00e1r a csal\u00e1di k\u00f3rel\u0151zm\u00e9ny\u00fckben, ak\u00e1r panaszaik alapj\u00e1n el\u0151t\u00e9rbe ker\u00fclhetnek a sz\u00edv- \u00e9s \u00e9rrendszeri probl\u00e9m\u00e1k, megbeteged\u00e9sek.<\/p>\n<h2>Vizsg\u00e1latok:<\/h2>\n<ul>\n<li>Laborat\u00f3riumi vizsg\u00e1lat (v\u00e9rk\u00e9p, s\u00fcllyed\u00e9s, v\u00e9rcukor, bilirubin, GPT\/GGT\/GOT, alk. foszfat\u00e1z, kreatinin, KN (Urea), koleszterin, HDL-koleszterin, triglicerid, h\u00fagysav, TSH, Na, K, Ca, P, D-vitamin szint, teljes vizeletvizsg\u00e1lat)<\/li>\n<li>Kardiol\u00f3giai szakvizsg\u00e1lat<\/li>\n<li>Terhel\u00e9ses EKG vizsg\u00e1lat<\/li>\n<li>Sz\u00edvultrahang vizsg\u00e1lat<\/li>\n<li>Kardiol\u00f3giai \u00f6sszefoglal\u00f3 szakv\u00e9lem\u00e9ny, kock\u00e1zatbecsl\u00e9s<\/li>\n<\/ul>\n<p>Amennyiben tov\u00e1bbi inform\u00e1ci\u00f3ra lenne sz\u00fcks\u00e9ge sz\u0171r\u0151csomagunkr\u00f3l, k\u00e9rj\u00fck, keressen minket bizalommal.<\/p>\n","protected":false},"featured_media":25437,"comment_status":"closed","ping_status":"closed","template":"","meta":{"cybocfi_hide_featured_image":""},"product_cat":[90],"product_tag":[],"_links":{"self":[{"href":"https:\/\/medcity.hu\/webshop\/wp-json\/wp\/v2\/product\/25436"}],"collection":[{"href":"https:\/\/medcity.hu\/webshop\/wp-json\/wp\/v2\/product"}],"about":[{"href":"https:\/\/medcity.hu\/webshop\/wp-json\/wp\/v2\/types\/product"}],"replies":[{"embeddable":true,"href":"https:\/\/medcity.hu\/webshop\/wp-json\/wp\/v2\/comments?post=25436"}],"wp:featuredmedia":[{"embeddable":true,"href":"https:\/\/medcity.hu\/webshop\/wp-json\/wp\/v2\/media\/25437"}],"wp:attachment":[{"href":"https:\/\/medcity.hu\/webshop\/wp-json\/wp\/v2\/media?parent=25436"}],"wp:term":[{"taxonomy":"product_cat","embeddable":true,"href":"https:\/\/medcity.hu\/webshop\/wp-json\/wp\/v2\/product_cat?post=25436"},{"taxonomy":"product_tag","embeddable":true,"href":"https:\/\/medcity.hu\/webshop\/wp-json\/wp\/v2\/product_tag?post=25436"}],"curies":[{"name":"wp","href":"https:\/\/api.w.org\/{rel}","templated":true}]}}