{"id":24709,"date":"2020-04-10T14:20:16","date_gmt":"2020-04-10T14:20:16","guid":{"rendered":"https:\/\/medcity.hu\/?page_id=24709"},"modified":"2021-11-25T12:36:43","modified_gmt":"2021-11-25T12:36:43","slug":"adatkezelesi-tajekoztato","status":"publish","type":"page","link":"https:\/\/medcity.hu\/webshop\/adatkezelesi-tajekoztato\/","title":{"rendered":"Adatkezel\u00e9si t\u00e1j\u00e9koztat\u00f3"},"content":{"rendered":"<p>K\u00e9rj\u00fck, kattintson a k\u00e9pre!<\/p>\n<p><a href=\"https:\/\/medcity.hu\/webshop\/wp-content\/uploads\/2021\/11\/Adatkezelesi_tajekoztato.pdf\" target=\"_blank\" rel=\"noopener\"><img loading=\"lazy\" class=\"alignnone size-full wp-image-25547\" src=\"https:\/\/medcity.hu\/webshop\/wp-content\/uploads\/2021\/11\/01.jpg\" alt=\"\" width=\"380\" height=\"542\" srcset=\"https:\/\/medcity.hu\/webshop\/wp-content\/uploads\/2021\/11\/01.jpg 380w, https:\/\/medcity.hu\/webshop\/wp-content\/uploads\/2021\/11\/01-370x528.jpg 370w\" sizes=\"(max-width: 380px) 100vw, 380px\" \/><\/a><\/p>\n","protected":false},"excerpt":{"rendered":"<p>K\u00e9rj\u00fck, kattintson a k\u00e9pre!<\/p>\n","protected":false},"author":1,"featured_media":0,"parent":0,"menu_order":0,"comment_status":"closed","ping_status":"closed","template":"","meta":{"cybocfi_hide_featured_image":""},"_links":{"self":[{"href":"https:\/\/medcity.hu\/webshop\/wp-json\/wp\/v2\/pages\/24709"}],"collection":[{"href":"https:\/\/medcity.hu\/webshop\/wp-json\/wp\/v2\/pages"}],"about":[{"href":"https:\/\/medcity.hu\/webshop\/wp-json\/wp\/v2\/types\/page"}],"author":[{"embeddable":true,"href":"https:\/\/medcity.hu\/webshop\/wp-json\/wp\/v2\/users\/1"}],"replies":[{"embeddable":true,"href":"https:\/\/medcity.hu\/webshop\/wp-json\/wp\/v2\/comments?post=24709"}],"version-history":[{"count":9,"href":"https:\/\/medcity.hu\/webshop\/wp-json\/wp\/v2\/pages\/24709\/revisions"}],"predecessor-version":[{"id":25424,"href":"https:\/\/medcity.hu\/webshop\/wp-json\/wp\/v2\/pages\/24709\/revisions\/25424"}],"wp:attachment":[{"href":"https:\/\/medcity.hu\/webshop\/wp-json\/wp\/v2\/media?parent=24709"}],"curies":[{"name":"wp","href":"https:\/\/api.w.org\/{rel}","templated":true}]}}